)). Let r = q - -11798. Is r a prime number?
False
Suppose -7*k = -2*k - 150. Suppose -h - 2*h = -4*c - k, -12 = -3*h - 2*c. Is h prime?
False
Let b(p) = p**2 + p - 1. Let y(u) = 2*u**2 + 2*u - 2. Let r(v) = 5*b(v) - 2*y(v). Let h be r(6). Suppose -g = -42 - h. Is g composite?
False
Let r(c) = -c + 17. Let z be r(14). Suppose 2*j = 6*h - z*h + 10, h + 3 = j. Is j/(-2 + (-369)/(-185)) a composite number?
True
Let x(z) = -z**3 + z**2 - z - 1. Let s(r) = 2*r**3 - 7*r**2 + 13*r - 13. Let m(i) = -s(i) - 3*x(i). Is m(9) composite?
True
Suppose -3*z + p + 55658 = 0, -2*z + 4*p - p + 37103 = 0. Is z a prime number?
True
Is 237/2*30/(15 + 0) prime?
False
Let a(n) = -38*n**2 - n - 1. Let w be a(-1). Let g be (-19)/w*9*2. Suppose -13*s + g*s + 1636 = 0. Is s a prime number?
True
Suppose -3*j - 4*z - 833 = -2848, -4*z - 2668 = -4*j. Is j composite?
True
Let y(x) = -x - 1. Let a(v) = -7*v - 11. Let s(l) = -a(l) + 6*y(l). Let c be s(-5). Suppose c = 5*q - 49 - 46. Is q a composite number?
False
Let n = 123 + -88. Suppose n = 4*m + 11. Suppose c - m*c = -5*v + 955, 573 = 3*v + 3*c. Is v a prime number?
True
Suppose 2*i - 9840 = 5*i. Let m = 7101 + i. Is m prime?
True
Suppose 5*y - 4*d - 15 = 7, 4 = -4*y - 4*d. Suppose -2469 = -y*g + 4*z + 1645, 2*z + 6163 = 3*g. Is g a prime number?
True
Let z(q) = 445*q**2 - 23*q + 39. Is z(7) a prime number?
True
Let u(f) = f**3 + 16*f**2 + 18*f + 18. Let b be u(-15). Let d = 32 - b. Is d composite?
False
Is 68328/6 + (50/2)/5 a composite number?
False
Let x be 22/4 + 1/(-2). Suppose -13 = r - 4*s, 3*r - 7*r + x*s = 30. Is r/30 + 2678/12 a composite number?
False
Let c be -2 - 76/(-14) - 3/7. Suppose c*y + 676 = k, 5*k - 2*y - 3505 = -86. Is k a prime number?
False
Let l = 820 - -1433. Is l a prime number?
False
Suppose -3*s = a - 3*a + 59, -4*a + 16 = 0. Let o = 15 + s. Is -4*o*23/8 composite?
False
Let t be 6/12 - (-9)/6. Suppose t*x - 18 = 4*n - 2*n, x = -2*n + 3. Let f(g) = g**3 - 4*g**2 - 2*g. Is f(x) composite?
True
Let z = -84 - -168. Let m = -116 - -83. Let o = m + z. Is o a composite number?
True
Let r = 608 + 30789. Is r prime?
True
Let c be (-28)/(-10) + (-1)/(-5). Suppose 7375 = c*s - 2*k, -5*s = -2*k - k - 12292. Is s composite?
False
Let m = 115 - 297. Let c = 291 + m. Is c a prime number?
True
Let z(l) = 15*l + l**3 - 12*l**2 - 13*l + 1 - 42. Is z(18) prime?
False
Suppose -5*w + 35 = -3*f, -5*f + 2 - 35 = -2*w. Suppose -g - 708 = -w*g. Suppose 0 = -d + 65 + g. Is d prime?
False
Let j = 134866 + 16813. Is j prime?
False
Let y be (-10)/105 - (-62862)/(-126). Suppose 2*v - 3670 = 7*v. Let d = y - v. Is d a composite number?
True
Suppose 0 = k - 2*a - 588, -5*a + 0*a = k - 574. Let x = 1125 - k. Is x composite?
False
Suppose -8*t = -6*t - 6. Suppose -4*a - a + t*o = -1440, 3*o = 15. Is a composite?
True
Let h(j) = 729*j + 51. Let c be h(12). Suppose -4*o + o = -c. Is o a composite number?
True
Suppose -2*t + 1117 = -2067. Let l = t - 849. Is l a prime number?
True
Let t(h) = 185*h**2 - 17*h - 59. Is t(-3) prime?
True
Suppose 4*a = -16, 2*c + 6*a - 4350 = 2*a. Is c a composite number?
True
Suppose -3*x - h + 24157 = 0, 5*x - 7830 - 32439 = 2*h. Is x a composite number?
False
Let t be (-280 - -4 - -4)/1. Let r = -123 - t. Is r composite?
False
Suppose -2*z + 6 = 4*a, -2*z = 2*a + 4 - 10. Suppose z*t = 2 - 20. Let v(q) = -8*q + 5. Is v(t) a composite number?
False
Suppose 4*y - 24 = 3*j - j, y = 3. Is (-9826)/j + (-28)/42 composite?
False
Suppose 8*c = 16850 + 104438. Is c prime?
True
Let o(h) = 11*h**2 + 16*h + 4. Let b(q) = q**2 - 5*q + 11. Let k be b(5). Is o(k) composite?
False
Let f(g) = -614*g + 223. Is f(-35) composite?
False
Suppose -2*y + 2*r = 1888, 4*r + 370 = 5*y + 5095. Let u = y - -1904. Is u composite?
True
Is ((-60)/360)/(1/(-355242)) a prime number?
True
Let r(i) = -3*i - 16. Let y be r(-7). Suppose 4*p = z + y*p - 15, 3*p = 0. Is z a prime number?
False
Let v = -70549 + 145532. Is v composite?
True
Let f(g) = -2*g - 9. Let t be f(-6). Suppose -3*b + 9 - t = 0. Suppose s + 4*a - 287 = 254, -a - 1109 = -b*s. Is s composite?
True
Is (-1)/(33/191411)*-3 prime?
True
Is (-5)/((-30)/(-6)) - -8348 a prime number?
False
Let y = 4203 - 2591. Let k = y - 725. Is k a prime number?
True
Let g(t) = 5*t**2 + 9*t + 8. Let v be g(-11). Suppose 2*q - 632 = -5*w + 3*q, -4*w + v = 2*q. Is w a prime number?
True
Let n = 13 - 7. Suppose 2*y + 174 = n. Let g = y + 287. Is g prime?
False
Let x(m) = 2*m**2 - 9*m + 3. Let f be x(8). Suppose 10*u - 16 = -6. Let o = f - u. Is o a composite number?
True
Let o = 3 - -1. Suppose 3*u - u - 5*k - 474 = 0, -o*u + 5*k = -958. Suppose 0*j = 2*j - u. Is j composite?
True
Let g = 42 - 48. Is (g/8)/(18/(-48)) - -2331 a composite number?
False
Suppose 0 = -2*c + 2*a + 4728, 9*c = 4*c + 2*a + 11817. Is c a prime number?
False
Suppose -a = -5*r + 130389, -r + 7*a - 2*a = -26097. Is r a composite number?
True
Suppose 12*k + 59 = 23. Is (0 + 1 + k)/((-8)/3628) composite?
False
Let n(f) = 61*f + 26. Is n(3) composite?
True
Suppose -20 = -4*a + 2*f, 2*a - 4*f = -2*a + 20. Let q(n) = 5*n**2 + 97*n - a + 3*n**3 - 100*n + n**3. Is q(4) composite?
True
Let g = -27 - -13. Suppose 3*f + 2*f = -115. Let l = g - f. Is l prime?
False
Suppose -20463 - 53195 = -26*z. Is z prime?
True
Let c(n) = 328*n**2 - 131. Is c(-16) composite?
True
Let z = -7 - -11. Suppose -324 + 76 = -w - z*u, -5*w + 4*u + 1240 = 0. Let f = w + -135. Is f a composite number?
False
Let k(p) = -3*p - 2. Let d be k(-2). Suppose d*o + 211 = 5*o. Is o composite?
False
Let j(h) be the second derivative of 257*h**5/20 - h**4/12 - h**3/3 + h**2 - h. Let n be j(1). Suppose -u - 2*u + x + 752 = 0, -u = 5*x - n. Is u prime?
True
Let o(k) = 420*k + 1. Is o(4) a prime number?
False
Suppose -7*k = -3*k - 5*f - 507346, -3*k = 2*f - 380521. Is k prime?
True
Let o be ((-6)/(-24))/(3/12). Let n be o*(-20)/4*-1. Suppose -97 = -n*r + r - 5*q, 1 = q. Is r a prime number?
True
Let u(o) = o + 9. Let f be u(5). Suppose -9*y + f*y = 175. Is y a prime number?
False
Suppose -o = -6*w + 10*w - 6309, 2*o - 12678 = 4*w. Is o composite?
False
Let o = -93 + 96. Suppose -5*y = -4*n - 42, -4*y + 3*n + 30 = -2*n. Suppose -5*q + y*q + o*k - 827 = 0, -2*k + 171 = q. Is q a prime number?
True
Let y(z) = 4*z**2 + 8*z + 9. Let g(x) = -2*x - 6. Let b be g(-4). Suppose -t + 2 = -3*v, b*t - 5*v + 29 = -10*v. Is y(t) a prime number?
True
Let c(h) = -13*h**2 + 12*h - 14. Let t be c(7). Let i = t - -874. Is i a prime number?
True
Let t = 7167 - 4434. Suppose 7*j + t = 10*j. Is j a composite number?
False
Let m(p) = -808*p - 1. Let t = -11 + 10. Is m(t) a composite number?
True
Let b = 2330 - 931. Is b prime?
True
Let z be 2/((-315)/(-80) - 4). Let l = 51 - z. Is l prime?
True
Let o be 8/((-730)/(-145) + -5). Suppose -4303 = -5*z + o. Is z composite?
False
Suppose -5*x + 15 = -0*x, 0 = -5*z - 4*x - 103. Let w = z - -28. Suppose 0 = w*d - 9*d + 5860. Is d a composite number?
True
Suppose -4*z = -5*u - 316, -2*u = -4*u. Is z a composite number?
False
Let r = 34572 - -181. Is r composite?
True
Suppose -4*h - 8 = -2*b - 2, 9 = 3*b - 5*h. Let o(p) = 7*p**2 - 7*p + 15. Is o(b) a prime number?
False
Suppose -5*b + b + 2180 = 3*y, -2*b = 2. Suppose 2127 = h + y. Is h a prime number?
True
Suppose -5381 = 12*o - 24833. Is o a prime number?
True
Let a be 3/((-135)/(-6)) - (-1180)/150. Suppose 3*v - v = -4. Let d = a - v. Is d composite?
True
Let r = -10 - -12. Suppose -8 = -r*x + 14. Let v = -1 + x. Is v prime?
False
Let i(f) = 9*f**2 + 2*f - 2. Let v = -3 + 15. Suppose -6*j + 6 = -v. Is i(j) a prime number?
False
Let k(f) be the third derivative of 17*f**4/8 + 5*f**3/3 + 6*f**2. Let s be k(8). Suppose 0 = 3*t - s - 335. Is t a prime number?
True
Let o = 12739 - 1256. Is o prime?
True
Suppose -2*n + 400 = 126. Suppose -59 = 2*j - 5*t, 6*j + 5*t = j - 235. Let k = n + j. Is k prime?
False
Suppose 3*v + 620 = 5*g, 2*v + 513 = 4*g + 3*v. Suppose 4*a = -2*u + 238, 0 = -u + a - 5*a + g. Is u composite?
True
Let j be -6 + 10 - -1*3. Let u be (j/(-21))/(1/(-1509)). Suppose 5*s - u = 112. Is s a composite number?
True
Let c(n) be the second derivative of -n**2 + 1/4*n**4 + 2*n + 0 + 0*n**3. Is c(-6) composite?
True
Let b = -51 - -47. Let i(g) = -10 + 1 - 4*g - 6*g**2 + 6*g**3 - 18*g**3. Is 